{"id":128,"date":"2020-12-06T20:14:24","date_gmt":"2020-12-06T19:14:24","guid":{"rendered":"https:\/\/diefalkenbamberg.wordpress.com\/?page_id=128"},"modified":"2026-01-06T00:07:44","modified_gmt":"2026-01-06T00:07:44","slug":"spenden","status":"publish","type":"page","link":"https:\/\/falken-bamberg.de\/index.php\/spenden\/","title":{"rendered":"Spenden"},"content":{"rendered":"\n<div style=\"height:64px\" aria-hidden=\"true\" class=\"wp-block-spacer\"><\/div>\n\n\n\n<div class=\"wp-block-media-text alignfull is-stacked-on-mobile is-image-fill-element\"><figure class=\"wp-block-media-text__media\"><img loading=\"lazy\" decoding=\"async\" width=\"2048\" height=\"1536\" src=\"https:\/\/zen-sammet.85-215-168-97.plesk.page\/wp-content\/uploads\/2020\/12\/img_20200730_105205-2048x1536-1.jpg?w=1024\" alt=\"\" class=\"wp-image-130 size-full\" style=\"object-position:31% 64%\" srcset=\"https:\/\/falken-bamberg.de\/wp-content\/uploads\/2020\/12\/img_20200730_105205-2048x1536-1.jpg 2048w, https:\/\/falken-bamberg.de\/wp-content\/uploads\/2020\/12\/img_20200730_105205-2048x1536-1-300x225.jpg 300w, https:\/\/falken-bamberg.de\/wp-content\/uploads\/2020\/12\/img_20200730_105205-2048x1536-1-1024x768.jpg 1024w, https:\/\/falken-bamberg.de\/wp-content\/uploads\/2020\/12\/img_20200730_105205-2048x1536-1-768x576.jpg 768w, https:\/\/falken-bamberg.de\/wp-content\/uploads\/2020\/12\/img_20200730_105205-2048x1536-1-1536x1152.jpg 1536w\" sizes=\"auto, (max-width: 2048px) 100vw, 2048px\" \/><\/figure><div class=\"wp-block-media-text__content\">\n<div style=\"height:96px\" aria-hidden=\"true\" class=\"wp-block-spacer\"><\/div>\n\n\n\n<h2 class=\"wp-block-heading margin-bottom-half\">Unterst\u00fctze unsere Jugendarbeit!<\/h2>\n\n\n\n<p class=\"margin-top-half has-small-font-size\"><\/p>\n\n\n\n<p class=\"has-normal-font-size\">Wir Falken verfolgen mit unserer Arbeit die Vision einer gerechten, solidarischen Welt. Kinder und Jugendliche sollen diese in eigener Verantwortung und selbstorganisiert in unserem Verband vorweg erleben und erproben k\u00f6nnen.<\/p>\n\n\n\n<p class=\"has-normal-font-size\">Daf\u00fcr organisieren und begleiten wir Kinder- und Jugendgruppen, Ferienfreizeiten, Bildungsveranstaltungen und internationale Jugendbegegnungen.<\/p>\n\n\n\n<p>Bei uns k\u00f6nnen Kinder und Jugendliche schon heute ein St\u00fcck Solidarit\u00e4t, Freiheit und jede Menge Spa\u00df erleben.<\/p>\n\n\n\n<p class=\"has-normal-font-size\">Zusammengenommen ist dies ein gemeinsamer Bildungsprozess in Theorie und Praxis. Wir bilden uns in diesem gegenseitig politisch und sozial. <\/p>\n\n\n\n<p class=\"has-normal-font-size\">Du willst auch Gesellschaft ver\u00e4ndern? Und jetzt denkst, wir Falken leisten auch aus deiner eine gute und f\u00fcr unsere Gesellschaft wichtige Arbeit? Du m\u00f6chtest uns unterst\u00fctzen, kannst aber zeitlich nicht im Verband mitarbeiten? Dann unterst\u00fctze uns durch eine einmalige Spende. Vielleicht willst du aber lieber <a href=\"https:\/\/zen-sammet.85-215-168-97.plesk.page\/index.php\/mitmachen\/\" data-type=\"page\" data-id=\"72\">F\u00f6rdermitglied<\/a> werden?<\/p>\n\n\n\n<p class=\"has-normal-font-size\">Spenden kannst du an das Konto:<\/p>\n\n\n\n<p class=\"has-normal-font-size\" style=\"line-height:0\">SJD &#8211; Die Falken Kreisverband Bamberg<\/p>\n\n\n\n<p class=\"has-normal-font-size\" style=\"line-height:0\">IBAN:     DE51 7705 0000 0303 3478 35<\/p>\n\n\n\n<p class=\"has-normal-font-size\" style=\"line-height:0\">Sparkasse Bamberg<\/p>\n\n\n\n<p>Verwendungszweck: [Dein Name] Spende<\/p>\n\n\n\n<p>F\u00fcr eine Spendenquittung schreibe uns bitte eine E-Mail mit den Angaben aus dem Verwendungszweck an bamberg[at]falken-franken.de<\/p>\n\n\n\n<div style=\"height:96px\" aria-hidden=\"true\" class=\"wp-block-spacer\"><\/div>\n<\/div><\/div>\n\n\n\n<p><\/p>\n","protected":false},"excerpt":{"rendered":"","protected":false},"author":2,"featured_media":0,"parent":0,"menu_order":0,"comment_status":"closed","ping_status":"closed","template":"","meta":{"footnotes":""},"class_list":["post-128","page","type-page","status-publish","hentry"],"_links":{"self":[{"href":"https:\/\/falken-bamberg.de\/index.php\/wp-json\/wp\/v2\/pages\/128","targetHints":{"allow":["GET"]}}],"collection":[{"href":"https:\/\/falken-bamberg.de\/index.php\/wp-json\/wp\/v2\/pages"}],"about":[{"href":"https:\/\/falken-bamberg.de\/index.php\/wp-json\/wp\/v2\/types\/page"}],"author":[{"embeddable":true,"href":"https:\/\/falken-bamberg.de\/index.php\/wp-json\/wp\/v2\/users\/2"}],"replies":[{"embeddable":true,"href":"https:\/\/falken-bamberg.de\/index.php\/wp-json\/wp\/v2\/comments?post=128"}],"version-history":[{"count":2,"href":"https:\/\/falken-bamberg.de\/index.php\/wp-json\/wp\/v2\/pages\/128\/revisions"}],"predecessor-version":[{"id":588,"href":"https:\/\/falken-bamberg.de\/index.php\/wp-json\/wp\/v2\/pages\/128\/revisions\/588"}],"wp:attachment":[{"href":"https:\/\/falken-bamberg.de\/index.php\/wp-json\/wp\/v2\/media?parent=128"}],"curies":[{"name":"wp","href":"https:\/\/api.w.org\/{rel}","templated":true}]}}