{"id":164,"date":"2021-01-07T00:35:07","date_gmt":"2021-01-06T23:35:07","guid":{"rendered":"https:\/\/diefalkenbamberg.wordpress.com\/?page_id=164"},"modified":"2026-01-05T23:58:28","modified_gmt":"2026-01-05T23:58:28","slug":"plenum","status":"publish","type":"page","link":"https:\/\/falken-bamberg.de\/index.php\/about\/plenum\/","title":{"rendered":"Plenum"},"content":{"rendered":"\n<p>Am ersten Sonntag im Monat treffen wir uns in Bamberg zum Plenum. Hier besprechen wir neue Ideen und Aktivit\u00e4ten, besprechen organisatorisches und aktuelle Themen f\u00fcr den Kreisverband.<\/p>\n\n\n\n<p>Beim Plenum kann jede*r Interessierte*r unverbindlich reinschnuppern. Schreibe uns daf\u00fcr einfach eine Mail an bamberg[at]falken-franken.de<\/p>\n\n\n\n<p><\/p>\n","protected":false},"excerpt":{"rendered":"<p>Am ersten Sonntag im Monat treffen wir uns in Bamberg zum Plenum. Hier besprechen wir neue Ideen und Aktivit\u00e4ten, besprechen organisatorisches und aktuelle Themen f\u00fcr den Kreisverband. Beim Plenum kann jede*r Interessierte*r unverbindlich reinschnuppern. Schreibe uns daf\u00fcr einfach eine Mail an bamberg[at]falken-franken.de<\/p>\n","protected":false},"author":2,"featured_media":0,"parent":9,"menu_order":0,"comment_status":"closed","ping_status":"closed","template":"","meta":{"footnotes":""},"class_list":["post-164","page","type-page","status-publish","hentry"],"_links":{"self":[{"href":"https:\/\/falken-bamberg.de\/index.php\/wp-json\/wp\/v2\/pages\/164","targetHints":{"allow":["GET"]}}],"collection":[{"href":"https:\/\/falken-bamberg.de\/index.php\/wp-json\/wp\/v2\/pages"}],"about":[{"href":"https:\/\/falken-bamberg.de\/index.php\/wp-json\/wp\/v2\/types\/page"}],"author":[{"embeddable":true,"href":"https:\/\/falken-bamberg.de\/index.php\/wp-json\/wp\/v2\/users\/2"}],"replies":[{"embeddable":true,"href":"https:\/\/falken-bamberg.de\/index.php\/wp-json\/wp\/v2\/comments?post=164"}],"version-history":[{"count":2,"href":"https:\/\/falken-bamberg.de\/index.php\/wp-json\/wp\/v2\/pages\/164\/revisions"}],"predecessor-version":[{"id":577,"href":"https:\/\/falken-bamberg.de\/index.php\/wp-json\/wp\/v2\/pages\/164\/revisions\/577"}],"up":[{"embeddable":true,"href":"https:\/\/falken-bamberg.de\/index.php\/wp-json\/wp\/v2\/pages\/9"}],"wp:attachment":[{"href":"https:\/\/falken-bamberg.de\/index.php\/wp-json\/wp\/v2\/media?parent=164"}],"curies":[{"name":"wp","href":"https:\/\/api.w.org\/{rel}","templated":true}]}}