{"id":208,"date":"2021-01-07T20:04:12","date_gmt":"2021-01-07T19:04:12","guid":{"rendered":"https:\/\/diefalkenbamberg.wordpress.com\/?page_id=208"},"modified":"2026-01-06T00:04:11","modified_gmt":"2026-01-06T00:04:11","slug":"ag-debatte-analyse-bildung","status":"publish","type":"page","link":"https:\/\/falken-bamberg.de\/index.php\/wie-sind-wir-organisiert\/ag-debatte-analyse-bildung\/","title":{"rendered":"AG Debatte Analyse Bildung"},"content":{"rendered":"\n<p>Als AG DAB besch\u00e4ftigen wir uns mit aktuellen gesellschaftlichen und politischen Debatten in der Gesellschaft und der politischen Linken. Gemeinsam wollen wir uns einen Begriff von der jeweiligen Sache machen. Darum lesen wir gemeinsam Texte, verschaffen uns einen \u00dcberblick \u00fcber die Argumente und diskutieren diese. Wir m\u00f6chten uns mit Druckerzeugnissen kritisch auseiandersetzen, um uns als sozialistische Jugend weiterzubilden. Dies soll m\u00f6glichst frei von Dogmen auch in unseren Debatten geschehen.<\/p>\n\n\n\n<p>Wir treffen uns aktuell in regelm\u00e4\u00dfigen Abstanden. Unsere AG lebt davon, dass du deine Themen miteinbringst. Melde dich gerne bei uns (bamberg[at]falken-franken.de).<\/p>\n","protected":false},"excerpt":{"rendered":"<p>Als AG DAB besch\u00e4ftigen wir uns mit aktuellen gesellschaftlichen und politischen Debatten in der Gesellschaft und der politischen Linken. Gemeinsam wollen wir uns einen Begriff von der jeweiligen Sache machen. Darum lesen wir gemeinsam Texte, verschaffen uns einen \u00dcberblick \u00fcber die Argumente und diskutieren diese. Wir m\u00f6chten uns mit Druckerzeugnissen kritisch auseiandersetzen, um uns als [&hellip;]<\/p>\n","protected":false},"author":2,"featured_media":0,"parent":194,"menu_order":0,"comment_status":"closed","ping_status":"closed","template":"","meta":{"footnotes":""},"class_list":["post-208","page","type-page","status-publish","hentry"],"_links":{"self":[{"href":"https:\/\/falken-bamberg.de\/index.php\/wp-json\/wp\/v2\/pages\/208","targetHints":{"allow":["GET"]}}],"collection":[{"href":"https:\/\/falken-bamberg.de\/index.php\/wp-json\/wp\/v2\/pages"}],"about":[{"href":"https:\/\/falken-bamberg.de\/index.php\/wp-json\/wp\/v2\/types\/page"}],"author":[{"embeddable":true,"href":"https:\/\/falken-bamberg.de\/index.php\/wp-json\/wp\/v2\/users\/2"}],"replies":[{"embeddable":true,"href":"https:\/\/falken-bamberg.de\/index.php\/wp-json\/wp\/v2\/comments?post=208"}],"version-history":[{"count":2,"href":"https:\/\/falken-bamberg.de\/index.php\/wp-json\/wp\/v2\/pages\/208\/revisions"}],"predecessor-version":[{"id":583,"href":"https:\/\/falken-bamberg.de\/index.php\/wp-json\/wp\/v2\/pages\/208\/revisions\/583"}],"up":[{"embeddable":true,"href":"https:\/\/falken-bamberg.de\/index.php\/wp-json\/wp\/v2\/pages\/194"}],"wp:attachment":[{"href":"https:\/\/falken-bamberg.de\/index.php\/wp-json\/wp\/v2\/media?parent=208"}],"curies":[{"name":"wp","href":"https:\/\/api.w.org\/{rel}","templated":true}]}}